
False
Is 3 a factor of 1749?
True
Is 30 a multiple of 9?
False
Is 10 a factor of 11797?
False
Is 602 a multiple of 72?
False
Is 1519 a multiple of 55?
False
Is 951 a multiple of 25?
False
Is 156 a factor of 6864?
True
Does 6 divide 3301?
False
Does 6 divide 709?
False
Is 32 a factor of 193?
False
Does 64 divide 9484?
False
Does 2 divide 13907?
False
Is 10865 a multiple of 37?
False
Is 2277 a multiple of 99?
True
Is 34801 a multiple of 43?
False
Is 1738 a multiple of 3?
False
Is 1369 a multiple of 44?
False
Does 2 divide 178?
True
Is 48 a factor of 2592?
True
Does 136 divide 5515?
False
Does 17 divide 52774?
False
Is 34 a factor of 34136?
True
Is 17 a factor of 7681?
False
Is 34 a factor of 30657?
False
Is 15 a factor of 20400?
True
Does 11 divide 601?
False
Does 17 divide 4570?
False
Does 35 divide 1925?
True
Is 203 a multiple of 11?
False
Does 26 divide 74925?
False
Does 11 divide 814?
True
Is 40824 a multiple of 243?
True
Is 36 a multiple of 5?
False
Is 1530 a multiple of 10?
True
Does 17 divide 732?
False
Is 141 a factor of 11466?
False
Is 396 a multiple of 18?
True
Does 8 divide 64?
True
Is 1050 a multiple of 15?
True
Is 49 a factor of 32781?
True
Does 46 divide 1066?
False
Is 1792 a multiple of 8?
True
Is 34 a factor of 24514?
True
Is 74 a factor of 962?
True
Does 5 divide 3425?
True
Is 38 even?
True
Does 31 divide 372?
True
Is 105 a factor of 127575?
True
Does 247 divide 44460?
True
Is 3 a factor of 348?
True
Is 51476 a multiple of 15?
False
Is 51 a factor of 977?
False
Does 79 divide 14299?
True
Does 12 divide 29496?
True
Is 42 a factor of 7224?
True
Is 2604 a multiple of 84?
True
Is 823 a multiple of 3?
False
Is 216 a multiple of 9?
True
Is 557 a multiple of 5?
False
Does 15 divide 70396?
False
Is 222 a factor of 2886?
True
Is 143 a multiple of 3?
False
Does 8 divide 703?
False
Is 648 a multiple of 6?
True
Does 6 divide 336?
True
Does 47 divide 13096?
False
Is 15 a factor of 765?
True
Is 38 a factor of 167?
False
Is 42 a factor of 5743?
False
Does 6 divide 379?
False
Is 31 a factor of 3769?
False
Is 1323 a multiple of 21?
True
Does 49 divide 612?
False
Is 229 a factor of 4809?
True
Is 25 a factor of 337?
False
Does 6 divide 86?
False
Is 11168 a multiple of 32?
True
Does 21 divide 1911?
True
Is 10493 a multiple of 29?
False
Does 5 divide 903?
False
Is 614 a multiple of 7?
False
Is 4296 a multiple of 18?
False
Does 2 divide 124?
True
Is 117 a factor of 112905?
True
Does 38 divide 28790?
False
Is 68 a factor of 3332?
True
Does 10 divide 5560?
True
Is 18456 a multiple of 55?
False
Is 44506 a multiple of 253?
False
Is 15 a factor of 6000?
True
Is 6964 a multiple of 4?
True
Is 6325 a multiple of 115?
True
Does 51 divide 4386?
True
Is 14292 even?
True
Is 465 a multiple of 31?
True
Is 350 a multiple of 7?
True
Is 187 a multiple of 6?
False
Does 38 divide 2090?
True
Does 74 divide 84692?
False
Is 251 a factor of 14673?
False
Is 1265 a multiple of 55?
True
Does 85 divide 1278?
False
Is 72 a multiple of 4?
True
Is 1188 a multiple of 66?
True
Is 27 a factor of 702?
True
Does 34 divide 4202?
False
Does 12 divide 1352?
False
Does 45 divide 70182?
False
Is 30 a factor of 3532?
False
Does 27 divide 2997?
True
Is 3746 a multiple of 14?
False
Does 12 divide 552?
True
Does 17 divide 106?
False
Does 51 divide 3417?
True
Is 810 a multiple of 18?
True
Is 35 a factor of 56787?
False
Does 25 divide 2100?
True
Does 67 divide 25460?
True
Does 31 divide 8959?
True
Is 117 a factor of 2340?
True
Is 2 a factor of 864?
True
Is 25 a factor of 475?
True
Does 3 divide 582?
True
Is 1173 a multiple of 51?
True
Is 37 a factor of 1047?
False
Is 29 a factor of 10440?
True
Is 20 a factor of 340?
True
Does 16 divide 25?
False
Does 216 divide 14688?
True
Is 310 a multiple of 31?
True
Does 9 divide 2025?
True
Does 30 divide 998?
False
Does 14 divide 592?
False
Is 905 a multiple of 3?
False
Is 483 a multiple of 9?
False
Is 3 a factor of 17715?
True
Is 3 a factor of 6154?
False
Is 5 a factor of 278?
False
Is 23 even?
False
Is 36 a multiple of 9?
True
Is 15 a factor of 3011?
False
Is 48 a factor of 7584?
True
Is 9 a factor of 711?
True
Does 21 divide 27741?
True
Does 2 divide 879?
False
Is 1633 a multiple of 23?
True
Does 19 divide 19646?
True
Is 37 a factor of 6327?
True
Is 54 a multiple of 7?
False
Is 23022 a multiple of 28?
False
Does 29 divide 87?
True
Does 22 divide 1820?
False
Does 19 divide 684?
True
Is 6440 a multiple of 5?
True
Is 3606 a multiple of 10?
False
Does 13 divide 4589?
True
Does 25 divide 525?
True
Is 15 a factor of 1185?
True
Is 11667 a multiple of 27?
False
Is 21526 a multiple of 78?
False
Is 178 a factor of 31432?
False
Is 19 a factor of 2793?
True
Does 2 divide 43?
False
Is 34814 a multiple of 13?
True
Is 34 a factor of 2102?
False
Is 958 a multiple of 29?
False
Is 27440 a multiple of 28?
True
Is 8 a factor of 7686?
False
Does 17 divide 19349?
False
Does 38 divide 5054?
True
Does 4 divide 9955?
False
Is 20 a factor of 2090?
False
Does 9 divide 3105?
True
Is 2516 a multiple of 37?
True
Is 10 a factor of 12403?
False
Is 1831 a multiple of 42?
False
Is 3192 a multiple of 19?
True
Is 1463 a multiple of 77?
True
Does 97 divide 8668?
False
Is 3 a factor of 115?
False
Is 18 a factor of 8712?
True
Does 11 divide 3586?
True
Is 925 a multiple of 113?
False
Does 28 divide 4066?
False
Does 4 divide 455?
False
Is 9 a factor of 478?
False
Is 4935 a multiple of 141?
True
Does 20 divide 182?
False
Does 4 divide 1544?
True
Does 96 divide 9765?
False
Does 2 divide 6367?
False
Does 2 divide 19?
False
Is 14521 a multiple of 39?
False
Is 3632 a multiple of 4?
True
Is 16 a factor of 872?
False
Is 5220 a multiple of 146?
False
Is 31 a factor of 8165?
False
Is 3462 a multiple of 16?
False
Is 906 a multiple of 7?
False
Is 84 a factor of 1393?
False
Is 23324 a multiple of 119?
True
Does 2 divide 66?
True
Is 48 a factor of 1778?
False
Does 15 divide 5258?
False
Is 17 a factor of 2346?
True
Does 10 divide 1040?
True
Is 91 a multiple of 13?
True
Does 74 divide 3504?
False
Is 25 a factor of 2741?
False
Does 27 divide 113?
False
Does 7 divide 5438?
False
Is 5 a factor of 47?
False
Does 98 divide 28244?
False
Does 6 divide 4947?
False
Does 63 divide 1260?
True
Is 43 a multiple of 2?
False
Is 12 a factor of 3336?
True
Is 46 a factor of 1541?
False
Is 43790 a multiple of 12?
False
Is 2840 a multiple of 2?
True
Does 161 divide 4347?
True
Does 30 divide 5730?
True
Is 95 a factor of 2470?
True
Is 28 a factor of 97?
False
Is 11 a factor of 6311?
False
Does 57 divide 4956?
False
Is 80 a multiple of 11?
False
Is 112 a factor of 2016?
True
Does 47 divide 564?
True
Does 46 divide 2812?
False
Does 51 divide 890?
False
Is 2268 a multiple of 21?
True
Is 7 a factor of 63?
True
Is 9504 a multiple of 24?
True
Does 10 divide 40?
True
Is 310 a multiple of 3?
False
Is 57150 a multiple of 10?
True
Is 8024 a multiple of 59?
True
Is 2902 a multiple of 5?
False
Is 69 a factor of 7383?
True
Does 12 divide 19500?
True
Is 71896 a multiple of 86?
True
Is 140 a factor of 3601?
False
Is 9 a factor of 350?
False
Does 38 divide 2280?
True
Does 39 divide 2691?
True
Is 7 a factor of 7322?
True
Does 21 divide 14841?
False
Is 320 a multiple of 160?
True
Does 2 divide 110?
True
Is 16767 a multiple of 81?
True
Is 20 a factor of 3360?
True
Is 371 a factor of 65240?
False
Is 87 a factor of 2229?
False
Does 41 divide 328?
True
Is 30 a factor of 690?
True
Is 12 a factor of 97152?
True
Is 212 a factor of 18934?
False
Is 81 a factor of 45684?
True
Is 51 a factor of 2606?
False
Does 73 divide 121910?
True
Is 18236 a multiple of 47?
True
Does 14 divide 938?
True
Is 31 a factor of 11370?
False
Does 40 divide 804?
False
Is 56 a factor of 476?
False
Is 3998 a multiple of 27?
False
Is 21090 a multiple of 38?
True
Is 3744 a multiple of 36?
True
Does 2 divide 698?
True
Is 20 a factor of 20380?
True
Is 37 a factor of 8123?
False
Is 2703 a multiple of 53?
True
Is 33 a factor of 93?
False
Is 462 a multiple of 21?
True
Does 11 divide 3872?
True
Does 4 divide 9091?
False
Is 7440 a multiple of 16?
True
Is 223 a multiple of 35?
False
Is 3 a factor of 39?
True
Is 1180 a multiple of 5?
True
Is 31 a factor of 33715?
False
Is 4723 a multiple of 70?
False
Is 52 a factor of 9360?
True
Is 15 a factor of 23982?
False
Is 308 a multiple of 4?
True
I